 r(s).
12
Let q(c) = 6 + c + 12 - 15 + 5. Determine q(-7).
1
Let f(s) = -s + 3. Suppose 5*d = -2*o - 0*o + 35, -3*o - 4*d + 35 = 0. Determine f(o).
-2
Let y(f) = -f**2 + f - 9. Let c be ((-1)/(-2))/1*-12. Let u be 2 + c/((-3)/(-1)). What is y(u)?
-9
Let x(j) = 2*j**2 - j. Let y be x(-1). Suppose 2*c = 5*w + 25, 6*w - y*w - c + 14 = 0. Let r(z) = z**3 + 3*z**2 - 2*z - 2. Give r(w).
4
Let m = 4 - 3. Let f be 0 + 1/(1/m). Let q(y) = -y. Give q(f).
-1
Let a(o) = -781 - 5*o + 777 + 4*o + 2*o. Determine a(7).
3
Let u(j) be the second derivative of -j**4/12 - 5*j**3/6 + 3*j**2 - 5*j. Let v(h) = 2*h + 3. Let t = 6 + -10. Let d be v(t). What is u(d)?
6
Let d(p) = -3 + 2 + 1 - p - 2. What is d(-7)?
5
Let k(h) = 2*h - 4. Let v be k(4). Let z(l) = v + 0*l - l**2 + 0*l - 3*l. Let i be z(-3). Let f(w) = -2*w - 2. Determine f(i).
-10
Let d(y) = y**3 + 4*y**2 - y - 4. Let o be d(-3). Suppose -24 = 5*h - 4*a, 3*h + 25 = 5*a + o. Let z(v) = -v + 4. What is z(h)?
8
Let x(w) = 1 + 2*w**2 - w**2 - w - 5*w. Let c(h) = -5*h**2 + 31*h - 4. Let m(t) = -2*c(t) - 11*x(t). Let n = 10 - 7. Calculate m(n).
0
Let i(l) = -4*l**2 - l**2 + 3*l**2 - l + 3*l**2. What is i(3)?
6
Let p(k) = 11*k. Let c be ((-6)/4)/(33/22). Determine p(c).
-11
Let l(v) = 47*v - 46*v + 3 - 19*v**3 - 3. What is l(1)?
-18
Let n(d) be the third derivative of -d**6/40 + d**4/12 - d**3/6 - 18*d**2. Give n(1).
-2
Let z be -1*(-3)/(-9)*-9. Let l(d) = d - 4*d + z*d + d. Suppose -3*j + 3 = -0*j. Determine l(j).
1
Suppose 4*t = 2 + 6. Let i(s) = 0*s + 2*s - t*s + s. Determine i(3).
3
Suppose 5*m + 3*k + 3 = 44, 5*k + 5 = -m. Suppose 3*q + 5*d + m + 1 = 0, 3*q + 2*d = -8. Let a be 0*q/(-6) - 1. Let v(y) = -2*y + 1. Determine v(a).
3
Let y(l) = -3 + l - 23*l + 2 - 4*l. Give y(-1).
25
Let y(u) = -8*u**2 + 3*u**2 + 6*u + 4*u**2 + 7. What is y(6)?
7
Let j(b) be the second derivative of -1/6*b**4 - b + 1/20*b**5 + 0 + 0*b**3 + 0*b**2. Let w = 5 - 3. What is j(w)?
0
Let x(c) = -c**2 - 8*c - 7. Let t be x(-6). Suppose t*j = -9 - 16. Let n(s) = s**3 + 4*s**2 - 3*s + 6. Calculate n(j).
-4
Let h(f) be the third derivative of f**5/30 - 5*f**4/24 + 2*f**3/3 + f**2. Suppose 5*x = 8*x - 12. Determine h(x).
16
Let b(d) = d**2 - 4*d + 4. Suppose 50 = 18*q - 4. What is b(q)?
1
Let l(k) = 4*k - 2. Let q(i) = -11*i + 5. Let d(j) = 8*l(j) + 3*q(j). Let o(n) = -n**3 - 7*n**2 + 10*n + 12. Let b be o(-8). Let t be 0/(-2*2/b). What is d(t)?
-1
Let r(g) = 3*g**2 - 11*g + 9. Let w(s) = 4*s**2 - 16*s + 13. Let v(o) = 7*r(o) - 5*w(o). What is v(-2)?
-4
Let o(t) = t**2 + 5*t. Let y be 2 + 1*-8 + 1. Give o(y).
0
Let w(v) = 3*v - 1. Let y be 3*(0/2 + -1)*-1. Give w(y).
8
Let m(n) = -2*n + 17. Let q be m(11). Let c(r) = r**3 + 6*r**2 + 4*r - 1. What is c(q)?
4
Let s(m) be the second derivative of -m**5/20 + m**4/4 + 2*m**3/3 - 3*m**2/2 + 5*m. What is s(3)?
9
Let o(s) = 1 + 5*s**2 - 4*s + 4*s. Suppose 5 = -5*c - 3*f, 0 = 4*c - 0*c + 4*f + 4. What is o(c)?
6
Let m(k) = 2*k**2 - 2*k + 5. Let y(h) = -2*h**2 + h - 6. Let b(d) = 5*m(d) + 4*y(d). Let t(n) = -n**3 + 3*n**2 - n + 2. Let i be t(2). Give b(i).
9
Let s(q) be the first derivative of q**5/60 - q**4/12 - q**3/3 + 2. Let z(x) be the third derivative of s(x). Give z(-4).
-10
Let j(m) = 1 + 1 - 5*m - 4 - 5*m**2 + 510*m**3 - 511*m**3. Let g be 17/(-5) - 2/(-5). Determine j(g).
-5
Let x(f) be the first derivative of f**3/3 + 2*f**2 - f + 34. Give x(-4).
-1
Suppose 0 = 5*v + 20. Let b(u) = 0*u**3 + 2*u**2 + 3*u**2 + 5*u + 4 + u**3. Give b(v).
0
Let p = 3 - 0. Let m(y) = 4 - 4*y**2 + 7*y - 2*y**2 + y**p - 8. Determine m(5).
6
Let u(v) = -2*v**3 + 5*v**2 + 3*v - 2. Let c(b) = -b**3 - 1. Let l(r) = -3*c(r) + u(r). Let g(q) = -3*q**2 - 2*q + 1. Let i be g(1). Give l(i).
5
Let w(z) = 0 - 1 - z**2 + 7*z**2. Let q = 118 - 117. Calculate w(q).
5
Let j = -2 - -6. Suppose -j*g = -9*g - 15. Let l(b) be the first derivative of -b**2/2 - 4*b - 1. What is l(g)?
-1
Suppose 4*w = -2*t + 12, 3 - 9 = 5*t + w. Let h(k) = 5*k**2 + 3*k + 1. Determine h(t).
15
Let i(t) be the third derivative of t**5/40 - t**3/2 + 3*t**2. Let b(x) be the first derivative of i(x). Determine b(-3).
-9
Let b be 1/(3 - 14/4). Let k(r) = -2*r**2 - 3*r - 1. Calculate k(b).
-3
Let y(b) = 16*b**3 + 4*b**2 + 3*b - 1. Let s(n) = 15*n**3 + 3*n**2 + 2*n - 1. Let q(l) = 5*s(l) - 4*y(l). What is q(-1)?
-11
Let k(w) = 13*w**3 - 42*w**2 - 9*w - 23. Let s(y) = 3*y**3 - 10*y**2 - 2*y - 6. Let z(r) = 2*k(r) - 9*s(r). Determine z(6).
8
Let q(a) = -2*a**2 - 2*a**2 - 2*a**2 - 14*a + 6*a - 2 + a**3. What is q(7)?
-9
Let q(z) be the first derivative of 2*z**2 - z + 6. What is q(-1)?
-5
Let n(m) be the first derivative of -m**2/2 + 7*m - 9. Calculate n(8).
-1
Let l(x) = x**3 + x**2 - 7. Let h be (2/6)/(5/(-30)). Let s be 2 + (-3 - 2/h). What is l(s)?
-7
Let f(o) = 7*o + 10. Let p(m) = 9*m + 10. Let v(r) = -4*f(r) + 3*p(r). Suppose -x + 6*x + 4 = b, x - 28 = 5*b. Give v(b).
-4
Let s(i) = -i**2 + 2*i + 1. Let z(m) = m**3 - 3*m**2 - 2. Let c(w) = w**3 - 7*w**2 - 9*w + 9. Let a be c(8). Let k = a - -2. Let u be z(k). Calculate s(u).
-7
Let z(d) = 3*d + 68 - 53 - 4*d. Give z(0).
15
Suppose -4*w + 3*m = -3, m + 0*m + 1 = 2*w. Suppose -3*x + 6*x - 9 = w. Let g(f) = -2 + 5*f - f - f**x + 5*f**2 - 2*f**2. Give g(4).
-2
Let j(p) = p + 5. Let c(s) = 2*s + 9. Let k = -6 + 3. Let w(z) = k*c(z) + 5*j(z). Suppose -6*v + 10*v = 0. Calculate w(v).
-2
Let x be 47/9 - (-6)/(-27). Let c = x + 0. Let u(q) = q**3 - 6*q**2 + 3*q + 4. What is u(c)?
-6
Let b(t) = -9*t + 1. Suppose -4*d = 9 + 7. Let n = d + 4. Let f = n + 1. Calculate b(f).
-8
Let v(x) be the third derivative of -x**7/5040 - x**5/15 + 5*x**2. Let k(a) be the third derivative of v(a). Give k(5).
-5
Suppose 3 = a - 0. Let k(u) = -a*u + 0*u - u. Suppose -3*m + 4 = m. Give k(m).
-4
Let v(a) be the first derivative of a**3/3 - 2*a**2 + 3*a + 4. Let o(k) = k**3 + 2*k**2 - 4*k. Let p be o(-3). What is v(p)?
0
Suppose -z - n = 0, 7*n = -2*z + 4*n. Suppose z = -g + 2 - 0. Let p(b) = g - b**2 + 2*b**2 - 2. Determine p(-1).
1
Let r(z) = 3*z**3 + z**2 - 4*z - 2. Let x(m) = 7*m**3 + m**2 - 9*m - 4. Let j(o) = -9*r(o) + 4*x(o). Suppose 5*f = -8 - 37. Let w = f - -14. What is j(w)?
2
Let s(o) = -6*o**2 + 5*o**2 + 2*o**2. Suppose 0 = -2*a - 5*y - 9, -2*a + 3*a + 6 = -3*y. Suppose 5*c - j = 0, -c = -a*c + 2*j - 8. What is s(c)?
1
Suppose 0 = -4*x - 0*x. Let h = x + 2. Let a(c) = 7 + 2*c**h + 4*c - 6*c**2 + 3*c**2. Calculate a(5).
2
Suppose 2*n + 11 = z, -4*z - 4*n - 6 + 2 = 0. Let r(x) = -3*x**2 - 6*x + 7. Let s(w) = -w**2 - w + 1. Let y(j) = r(j) - 4*s(j). Determine y(z).
6
Let x(z) be the second derivative of -2*z + 1/2*z**2 + 1/12*z**4 - 1/60*z**5 + 0 + 1/3*z**3. Let a(u) be the first derivative of x(u). Give a(4).
-6
Suppose -2*l - 46 = -52. Let h(f) = -f - 3. Calculate h(l).
-6
Let d(b) be the first derivative of b**4/4 + b**3 - 3*b**2/2 - b + 3. Let c be 2/(-3) - 10/3. What is d(c)?
-5
Let o(w) = 6 + 8*w**2 + 2*w**2 - 9*w**2 + w. What is o(0)?
6
Let s be 1*(0/6 + -2)*1. Let v(r) be the third derivative of r**6/120 + r**5/30 + r**4/6 + r**3/2 - r**2. Calculate v(s).
-5
Let v(o) be the second derivative of 0 - o**2 - 1/6*o**3 + o. Give v(-5).
3
Let i(g) = g**2 - 90 - 2*g**2 - 7*g + 95. Determine i(-6).
11
Let v(b) = b**2 - 17*b + 15. Let f be v(16). Let a(t) = -16*t**3 - t**2 + t + 1. Determine a(f).
15
Let x(l) be the second derivative of 0 + 5/12*l**4 + 1/20*l**5 - l**3 - 5/2*l**2 + 9*l. Suppose 12 = -2*z - 0*f - 2*f, 3*f = z + 6. What is x(z)?
-5
Let l(c) = -c**2 + c - 5. Let q = -18 - -11. Let d be 8/(-3 - q - 2). Let j = d + -4. Determine l(j).
-5
Let y(d) = d**3 + 7*d**2 + 4*d - 5. Suppose 0 = -s + 6*s + 30. Calculate y(s).
7
Let h(v) = -3*v**2 + 3*v + 4. Let f(z) = -2*z**2 + 4*z + 3. Let s(w) = -4*f(w) + 3*h(w). Determine s(-5).
10
Let g(s) = 4*s - 8. Let o(j) = j - 1. Let t(f) = g(f) - 3*o(f). What is t(7)?
2
Let i(b) = -1. Let r(l) = 2*l - 8. Let a(h) = 5*i(h) - r(h). Let d be -4 - (2 - 2)*-1. Calculate a(d).
11
Let i(z) = -z**3 - 2*z**2 - z - 2. Let r(t) = -t**2 + 9*t - 10. Let n be r(8). What is i(n)?
0
Let d(t) = -t**3 - t - 2. Let a(c) = -c**3 - 4*c**2 + 3*c - 12. Let b be (-2)/(-6) + 144/(-27). Let i be a(b). Give d(i).
8
Let o(v) be the third derivative of v**4/24 - v**3/3 + 18*v**2. Determine o(-7).
-9
Let x(